{"id":3457,"date":"2024-06-03T11:42:56","date_gmt":"2024-06-03T09:42:56","guid":{"rendered":"https:\/\/selonmanon.com\/?page_id=3457"},"modified":"2024-06-03T11:43:34","modified_gmt":"2024-06-03T09:43:34","slug":"une-page-se-tourne","status":"publish","type":"page","link":"https:\/\/selonmanon.com\/une-page-se-tourne\/","title":{"rendered":"UNE PAGE SE TOURNE"},"content":{"rendered":"<p style=\"text-align: center;\">C&rsquo;est avec un petit pincement au coeur que je vous l&rsquo;annonce : <em><strong>une page se tourne<\/strong><\/em>.<\/p>\n<p style=\"text-align: center;\">__<\/p>\n<p style=\"text-align: center;\"><em>Si vous souhaitez continuer \u00e0 me suivre, voil\u00e0 le lien de mon compte <a href=\"https:\/\/www.instagram.com\/selon_manon\/\">Instagram<\/a>. <\/em><em>Mais plus important encore pour moi, voil\u00e0 le <a href=\"https:\/\/www.sukha-holistique.com\">projet<\/a> qui me tient tant \u00e0 coeur depuis deux ans, et qui justifie aujourd&rsquo;hui l&rsquo;envie de se concentrer sur cet \u00e9lan de coeur, unique.\u00a0<\/em><\/p>\n<p style=\"text-align: center;\"><em>Je vous embrasse fort.<\/em><\/p>\n<p style=\"text-align: center;\"><em>Manon.<\/em><\/p>\n<p style=\"text-align: center;\">\u2661<\/p>\n","protected":false},"excerpt":{"rendered":"<p>C&rsquo;est avec un petit pincement au coeur que je vous l&rsquo;annonce : une page se tourne. __ Si vous souhaitez continuer \u00e0 me suivre, voil\u00e0 le lien de mon compte Instagram. Mais plus important encore pour moi, voil\u00e0 le projet qui me tient tant \u00e0 coeur depuis deux ans, et qui justifie aujourd&rsquo;hui l&rsquo;envie de&#8230;<\/p>\n","protected":false},"author":1,"featured_media":0,"parent":0,"menu_order":0,"comment_status":"closed","ping_status":"closed","template":"","meta":{"spay_email":""},"yoast_head":"<!-- This site is optimized with the Yoast SEO plugin v18.4.1 - https:\/\/yoast.com\/wordpress\/plugins\/seo\/ -->\n<title>UNE PAGE SE TOURNE - Selon Manon - Blog<\/title>\n<meta name=\"robots\" content=\"index, follow, max-snippet:-1, max-image-preview:large, max-video-preview:-1\" \/>\n<link rel=\"canonical\" href=\"https:\/\/selonmanon.com\/une-page-se-tourne\/\" \/>\n<meta property=\"og:locale\" content=\"fr_FR\" \/>\n<meta property=\"og:type\" content=\"article\" \/>\n<meta property=\"og:title\" content=\"UNE PAGE SE TOURNE - Selon Manon - Blog\" \/>\n<meta property=\"og:description\" content=\"C&rsquo;est avec un petit pincement au coeur que je vous l&rsquo;annonce : une page se tourne. __ Si vous souhaitez continuer \u00e0 me suivre, voil\u00e0 le lien de mon compte Instagram. Mais plus important encore pour moi, voil\u00e0 le projet qui me tient tant \u00e0 coeur depuis deux ans, et qui justifie aujourd&rsquo;hui l&rsquo;envie de...\" \/>\n<meta property=\"og:url\" content=\"https:\/\/selonmanon.com\/une-page-se-tourne\/\" \/>\n<meta property=\"og:site_name\" content=\"Selon Manon - Blog\" \/>\n<meta property=\"article:publisher\" content=\"https:\/\/www.facebook.com\/selonmanon\/?modal=admin_todo_tour\" \/>\n<meta property=\"article:modified_time\" content=\"2024-06-03T09:43:34+00:00\" \/>\n<meta name=\"twitter:card\" content=\"summary_large_image\" \/>\n<script type=\"application\/ld+json\" class=\"yoast-schema-graph\">{\"@context\":\"https:\/\/schema.org\",\"@graph\":[{\"@type\":\"Organization\",\"@id\":\"https:\/\/selonmanon.com\/une-page-se-tourne\/#organization\",\"name\":\"Selon Manon\",\"url\":\"https:\/\/selonmanon.com\/une-page-se-tourne\/\",\"sameAs\":[\"https:\/\/www.facebook.com\/selonmanon\/?modal=admin_todo_tour\",\"https:\/\/www.instagram.com\/selon_manon\/\",\"https:\/\/www.pinterest.fr\/selonxmanon\/\"],\"logo\":{\"@type\":\"ImageObject\",\"@id\":\"https:\/\/selonmanon.com\/une-page-se-tourne\/#logo\",\"inLanguage\":\"fr-FR\",\"url\":\"https:\/\/i2.wp.com\/selonmanon.com\/wp-content\/uploads\/2020\/03\/Selon-Manon-Logo-1-1-e1585640766898.png?fit=2500%2C1000&ssl=1\",\"contentUrl\":\"https:\/\/i2.wp.com\/selonmanon.com\/wp-content\/uploads\/2020\/03\/Selon-Manon-Logo-1-1-e1585640766898.png?fit=2500%2C1000&ssl=1\",\"width\":2500,\"height\":1000,\"caption\":\"Selon Manon\"},\"image\":{\"@id\":\"https:\/\/selonmanon.com\/une-page-se-tourne\/#logo\"}},{\"@type\":\"WebSite\",\"@id\":\"https:\/\/selonmanon.com\/une-page-se-tourne\/#website\",\"url\":\"https:\/\/selonmanon.com\/une-page-se-tourne\/\",\"name\":\"Selon Manon - Blog\",\"description\":\"Health and Happiness first\",\"publisher\":{\"@id\":\"https:\/\/selonmanon.com\/une-page-se-tourne\/#organization\"},\"potentialAction\":[{\"@type\":\"SearchAction\",\"target\":{\"@type\":\"EntryPoint\",\"urlTemplate\":\"https:\/\/selonmanon.com\/une-page-se-tourne\/?s={search_term_string}\"},\"query-input\":\"required name=search_term_string\"}],\"inLanguage\":\"fr-FR\"},{\"@type\":\"WebPage\",\"@id\":\"https:\/\/selonmanon.com\/une-page-se-tourne\/#webpage\",\"url\":\"https:\/\/selonmanon.com\/une-page-se-tourne\/\",\"name\":\"UNE PAGE SE TOURNE - Selon Manon - Blog\",\"isPartOf\":{\"@id\":\"https:\/\/selonmanon.com\/une-page-se-tourne\/#website\"},\"datePublished\":\"2024-06-03T09:42:56+00:00\",\"dateModified\":\"2024-06-03T09:43:34+00:00\",\"breadcrumb\":{\"@id\":\"https:\/\/selonmanon.com\/une-page-se-tourne\/#breadcrumb\"},\"inLanguage\":\"fr-FR\",\"potentialAction\":[{\"@type\":\"ReadAction\",\"target\":[\"https:\/\/selonmanon.com\/une-page-se-tourne\/\"]}]},{\"@type\":\"BreadcrumbList\",\"@id\":\"https:\/\/selonmanon.com\/une-page-se-tourne\/#breadcrumb\",\"itemListElement\":[{\"@type\":\"ListItem\",\"position\":1,\"name\":\"Accueil\",\"item\":\"https:\/\/selonmanon.com\/une-page-se-tourne\/\"},{\"@type\":\"ListItem\",\"position\":2,\"name\":\"UNE PAGE SE TOURNE\"}]}]}<\/script>\n<!-- \/ Yoast SEO plugin. -->","yoast_head_json":{"title":"UNE PAGE SE TOURNE - Selon Manon - Blog","robots":{"index":"index","follow":"follow","max-snippet":"max-snippet:-1","max-image-preview":"max-image-preview:large","max-video-preview":"max-video-preview:-1"},"canonical":"https:\/\/selonmanon.com\/une-page-se-tourne\/","og_locale":"fr_FR","og_type":"article","og_title":"UNE PAGE SE TOURNE - Selon Manon - Blog","og_description":"C&rsquo;est avec un petit pincement au coeur que je vous l&rsquo;annonce : une page se tourne. __ Si vous souhaitez continuer \u00e0 me suivre, voil\u00e0 le lien de mon compte Instagram. Mais plus important encore pour moi, voil\u00e0 le projet qui me tient tant \u00e0 coeur depuis deux ans, et qui justifie aujourd&rsquo;hui l&rsquo;envie de...","og_url":"https:\/\/selonmanon.com\/une-page-se-tourne\/","og_site_name":"Selon Manon - Blog","article_publisher":"https:\/\/www.facebook.com\/selonmanon\/?modal=admin_todo_tour","article_modified_time":"2024-06-03T09:43:34+00:00","twitter_card":"summary_large_image","schema":{"@context":"https:\/\/schema.org","@graph":[{"@type":"Organization","@id":"https:\/\/selonmanon.com\/une-page-se-tourne\/#organization","name":"Selon Manon","url":"https:\/\/selonmanon.com\/une-page-se-tourne\/","sameAs":["https:\/\/www.facebook.com\/selonmanon\/?modal=admin_todo_tour","https:\/\/www.instagram.com\/selon_manon\/","https:\/\/www.pinterest.fr\/selonxmanon\/"],"logo":{"@type":"ImageObject","@id":"https:\/\/selonmanon.com\/une-page-se-tourne\/#logo","inLanguage":"fr-FR","url":"https:\/\/i2.wp.com\/selonmanon.com\/wp-content\/uploads\/2020\/03\/Selon-Manon-Logo-1-1-e1585640766898.png?fit=2500%2C1000&ssl=1","contentUrl":"https:\/\/i2.wp.com\/selonmanon.com\/wp-content\/uploads\/2020\/03\/Selon-Manon-Logo-1-1-e1585640766898.png?fit=2500%2C1000&ssl=1","width":2500,"height":1000,"caption":"Selon Manon"},"image":{"@id":"https:\/\/selonmanon.com\/une-page-se-tourne\/#logo"}},{"@type":"WebSite","@id":"https:\/\/selonmanon.com\/une-page-se-tourne\/#website","url":"https:\/\/selonmanon.com\/une-page-se-tourne\/","name":"Selon Manon - Blog","description":"Health and Happiness first","publisher":{"@id":"https:\/\/selonmanon.com\/une-page-se-tourne\/#organization"},"potentialAction":[{"@type":"SearchAction","target":{"@type":"EntryPoint","urlTemplate":"https:\/\/selonmanon.com\/une-page-se-tourne\/?s={search_term_string}"},"query-input":"required name=search_term_string"}],"inLanguage":"fr-FR"},{"@type":"WebPage","@id":"https:\/\/selonmanon.com\/une-page-se-tourne\/#webpage","url":"https:\/\/selonmanon.com\/une-page-se-tourne\/","name":"UNE PAGE SE TOURNE - Selon Manon - Blog","isPartOf":{"@id":"https:\/\/selonmanon.com\/une-page-se-tourne\/#website"},"datePublished":"2024-06-03T09:42:56+00:00","dateModified":"2024-06-03T09:43:34+00:00","breadcrumb":{"@id":"https:\/\/selonmanon.com\/une-page-se-tourne\/#breadcrumb"},"inLanguage":"fr-FR","potentialAction":[{"@type":"ReadAction","target":["https:\/\/selonmanon.com\/une-page-se-tourne\/"]}]},{"@type":"BreadcrumbList","@id":"https:\/\/selonmanon.com\/une-page-se-tourne\/#breadcrumb","itemListElement":[{"@type":"ListItem","position":1,"name":"Accueil","item":"https:\/\/selonmanon.com\/une-page-se-tourne\/"},{"@type":"ListItem","position":2,"name":"UNE PAGE SE TOURNE"}]}]}},"_links":{"self":[{"href":"https:\/\/selonmanon.com\/une-page-se-tourne\/wp-json\/wp\/v2\/pages\/3457"}],"collection":[{"href":"https:\/\/selonmanon.com\/une-page-se-tourne\/wp-json\/wp\/v2\/pages"}],"about":[{"href":"https:\/\/selonmanon.com\/une-page-se-tourne\/wp-json\/wp\/v2\/types\/page"}],"author":[{"embeddable":true,"href":"https:\/\/selonmanon.com\/une-page-se-tourne\/wp-json\/wp\/v2\/users\/1"}],"replies":[{"embeddable":true,"href":"https:\/\/selonmanon.com\/une-page-se-tourne\/wp-json\/wp\/v2\/comments?post=3457"}],"version-history":[{"count":4,"href":"https:\/\/selonmanon.com\/une-page-se-tourne\/wp-json\/wp\/v2\/pages\/3457\/revisions"}],"predecessor-version":[{"id":3461,"href":"https:\/\/selonmanon.com\/une-page-se-tourne\/wp-json\/wp\/v2\/pages\/3457\/revisions\/3461"}],"wp:attachment":[{"href":"https:\/\/selonmanon.com\/une-page-se-tourne\/wp-json\/wp\/v2\/media?parent=3457"}],"curies":[{"name":"wp","href":"https:\/\/api.w.org\/{rel}","templated":true}]}}